{"id":126,"date":"2016-06-08T16:09:15","date_gmt":"2016-06-08T15:09:15","guid":{"rendered":"http:\/\/vps231942.ovh.net\/?page_id=126"},"modified":"2021-04-12T21:02:58","modified_gmt":"2021-04-12T20:02:58","slug":"la-foret","status":"publish","type":"page","link":"http:\/\/neihb.fr\/wordpress\/le-dossier\/la-nature\/la-foret\/","title":{"rendered":"La for\u00eat, creuset de la biodiversit\u00e9"},"content":{"rendered":"<hr \/>\n<p style=\"text-align: justify;\"><img decoding=\"async\" loading=\"lazy\" class=\"wp-image-1493 alignleft\" src=\"http:\/\/neihb.fr\/wp-content\/uploads\/2016\/06\/For\u00eat_r.png\" alt=\"foret_r\" width=\"400\" height=\"273\" srcset=\"http:\/\/neihb.fr\/wp-content\/uploads\/2016\/06\/For\u00eat_r.png 448w, http:\/\/neihb.fr\/wp-content\/uploads\/2016\/06\/For\u00eat_r-300x205.png 300w, http:\/\/neihb.fr\/wp-content\/uploads\/2016\/06\/For\u00eat_r-220x150.png 220w, http:\/\/neihb.fr\/wp-content\/uploads\/2016\/06\/For\u00eat_r-150x102.png 150w\" sizes=\"(max-width: 400px) 100vw, 400px\" \/>Les arbres agissent comme un filtre pour l\u2019eau pr\u00e9lev\u00e9e en for\u00eat qui n\u2019a quasiment pas besoin d\u2019\u00eatre trait\u00e9e, contrairement \u00e0 l\u2019eau qui est recueillie dans les rivi\u00e8res.<\/p>\n<p style=\"text-align: justify;\">Une partie de la for\u00eat d\u00e9frich\u00e9e, des arbres coup\u00e9s pour r\u00e9aliser les tranch\u00e9es et ceux qui tomberont par effet &#8220;domino&#8221; lorsque le vent s&#8217;engouffrera dans les clairi\u00e8res ainsi m\u00e9nag\u00e9es. Des chemins d&#8217;acc\u00e8s de 4m de large, libres de tout obstacle jusqu&#8217;\u00e0 6,50m et un d\u00e9broussaillement jusqu&#8217;\u00e0 10m.<\/p>\n<p style=\"text-align: justify;\">Pour raccorder le parc \u00e9olien au centre de Chauffailles, ce sont 15,5 km de tranch\u00e9es \u00e0 travers bois, champs et ruisseaux en passant dans le bourg d&#8217;Anglure et sous le viaduc de Mussy sous Dun.<\/p>\n<p style=\"text-align: justify;\">Moins de for\u00eat, c\u2019est davantage d\u2019\u00e9rosion et le risque de voir le sol ruisseler dans les cours d\u2019eau en cas de fortes pluies.\u00a0C&#8217;est aussi davantage de C02.<\/p>\n<p style=\"text-align: justify;\">La destruction de plusieurs hectares de for\u00eat pour r\u00e9aliser les pistes d&#8217;acc\u00e8s, les plates-formes de montage [1], va avoir un impact sur la fili\u00e8re, tr\u00e8s active et bien g\u00e9r\u00e9e, qui produit annuellement 57.000 m3 de bois .<\/p>\n<p style=\"text-align: justify;\">En contrepartie, l&#8217;installation et, a fortiori, l&#8217;exploitation des \u00e9oliennes n&#8217;apporteront que peu ou pas d&#8217;emploi aux entreprises locales.\u00a0Elles en apportent d\u00e9j\u00e0 tr\u00e8s peu au niveau national (voir Nos Factures r\u00e9f. [2]).<\/p>\n<p style=\"text-align: justify;\">Depuis la loi foresti\u00e8re de 2001, la gestion durable des for\u00eats doit garantir la diversit\u00e9 biologique de celles-ci, leur capacit\u00e9 de r\u00e9g\u00e9n\u00e9ration et leur capacit\u00e9 \u00e0 satisfaire conjointement des fonctions \u00e9cologiques et \u00e9conomiques pertinentes. [2]<\/p>\n<p style=\"text-align: justify;\">La DREAL Pays de la Loire a estim\u00e9 que l&#8217;installation d&#8217;\u00e9oliennes au sein de massifs bois\u00e9s ou \u00e0 proximit\u00e9 est \u00e0 proscrire du fait des enjeux que ces massifs forestiers peuvent concentrer [3].<\/p>\n<p style=\"text-align: justify;\"><strong>Nous avons demand\u00e9 \u00e0 ce que les surfaces bois\u00e9es supprim\u00e9es soient replant\u00e9es \u00e0 proximit\u00e9.<\/strong><\/p>\n<hr \/>\n<p style=\"text-align: justify;\">[1]\u00a0<a href=\"http:\/\/vps293559.ovh.net\/wp-content\/uploads\/2016\/06\/2-Vues-Eoliennes-en-for\u00eat.pdf\" target=\"_blank\" rel=\"noopener noreferrer\">Vues d&#8217;\u00e9oliennes en for\u00eat<\/a><br \/>\n[2]\u00a0<a href=\"http:\/\/vps293559.ovh.net\/wp-content\/uploads\/2016\/06\/3-For\u00eat-biodiversit\u00e9.png\" target=\"_blank\" rel=\"noopener noreferrer\">For\u00eat et biodiversit\u00e9<\/a><br \/>\n[3]\u00a0<a href=\"http:\/\/vps293559.ovh.net\/wp-content\/uploads\/2016\/06\/1-DREAL_Eolien-en-for\u00eat.pdf\" target=\"_blank\" rel=\"noopener noreferrer\">DREAL &#8211; \u00c9oliennes en for\u00eat<\/a><\/p>\n","protected":false},"excerpt":{"rendered":"<p>Les arbres agissent comme un filtre pour l\u2019eau pr\u00e9lev\u00e9e en for\u00eat qui n\u2019a quasiment pas besoin d\u2019\u00eatre trait\u00e9e, contrairement \u00e0 l\u2019eau qui est recueillie dans les rivi\u00e8res. Une partie de la for\u00eat d\u00e9frich\u00e9e, des arbres coup\u00e9s pour r\u00e9aliser les tranch\u00e9es et ceux qui tomberont par effet &#8220;domino&#8221; lorsque le vent\u2026<\/p>\n<p> <a class=\"continue-reading-link\" href=\"http:\/\/neihb.fr\/wordpress\/le-dossier\/la-nature\/la-foret\/\"><span>Continue reading<\/span><i class=\"crycon-right-dir\"><\/i><\/a> <\/p>\n","protected":false},"author":1,"featured_media":0,"parent":461,"menu_order":3,"comment_status":"closed","ping_status":"closed","template":"","meta":[],"_links":{"self":[{"href":"http:\/\/neihb.fr\/wordpress\/wp-json\/wp\/v2\/pages\/126"}],"collection":[{"href":"http:\/\/neihb.fr\/wordpress\/wp-json\/wp\/v2\/pages"}],"about":[{"href":"http:\/\/neihb.fr\/wordpress\/wp-json\/wp\/v2\/types\/page"}],"author":[{"embeddable":true,"href":"http:\/\/neihb.fr\/wordpress\/wp-json\/wp\/v2\/users\/1"}],"replies":[{"embeddable":true,"href":"http:\/\/neihb.fr\/wordpress\/wp-json\/wp\/v2\/comments?post=126"}],"version-history":[{"count":17,"href":"http:\/\/neihb.fr\/wordpress\/wp-json\/wp\/v2\/pages\/126\/revisions"}],"predecessor-version":[{"id":2014,"href":"http:\/\/neihb.fr\/wordpress\/wp-json\/wp\/v2\/pages\/126\/revisions\/2014"}],"up":[{"embeddable":true,"href":"http:\/\/neihb.fr\/wordpress\/wp-json\/wp\/v2\/pages\/461"}],"wp:attachment":[{"href":"http:\/\/neihb.fr\/wordpress\/wp-json\/wp\/v2\/media?parent=126"}],"curies":[{"name":"wp","href":"https:\/\/api.w.org\/{rel}","templated":true}]}}

La forêt, creuset de la biodiversité

<hr />
<p style="text-align: justify;"><img decoding="async" loading="lazy" class="wp-image-1493 alignleft" src="http://neihb.fr/wp-content/uploads/2016/06/Forêt_r.png" alt="foret_r" width="400" height="273" srcset="http://neihb.fr/wp-content/uploads/2016/06/Forêt_r.png 448w, http://neihb.fr/wp-content/uploads/2016/06/Forêt_r-300x205.png 300w, http://neihb.fr/wp-content/uploads/2016/06/Forêt_r-220x150.png 220w, http://neihb.fr/wp-content/uploads/2016/06/Forêt_r-150x102.png 150w" sizes="(max-width: 400px) 100vw, 400px" />Les arbres agissent comme un filtre pour l’eau prélevée en forêt qui n’a quasiment pas besoin d’être traitée, contrairement à l’eau qui est recueillie dans les rivières.</p>
<p style="text-align: justify;">Une partie de la forêt défrichée, des arbres coupés pour réaliser les tranchées et ceux qui tomberont par effet &#8220;domino&#8221; lorsque le vent s&#8217;engouffrera dans les clairières ainsi ménagées. Des chemins d&#8217;accès de 4m de large, libres de tout obstacle jusqu&#8217;à 6,50m et un débroussaillement jusqu&#8217;à 10m.</p>
<p style="text-align: justify;">Pour raccorder le parc éolien au centre de Chauffailles, ce sont 15,5 km de tranchées à travers bois, champs et ruisseaux en passant dans le bourg d&#8217;Anglure et sous le viaduc de Mussy sous Dun.</p>
<p style="text-align: justify;">Moins de forêt, c’est davantage d’érosion et le risque de voir le sol ruisseler dans les cours d’eau en cas de fortes pluies. C&#8217;est aussi davantage de C02.</p>
<p style="text-align: justify;">La destruction de plusieurs hectares de forêt pour réaliser les pistes d&#8217;accès, les plates-formes de montage [1], va avoir un impact sur la filière, très active et bien gérée, qui produit annuellement 57.000 m3 de bois .</p>
<p style="text-align: justify;">En contrepartie, l&#8217;installation et, a fortiori, l&#8217;exploitation des éoliennes n&#8217;apporteront que peu ou pas d&#8217;emploi aux entreprises locales. Elles en apportent déjà très peu au niveau national (voir Nos Factures réf. [2]).</p>
<p style="text-align: justify;">Depuis la loi forestière de 2001, la gestion durable des forêts doit garantir la diversité biologique de celles-ci, leur capacité de régénération et leur capacité à satisfaire conjointement des fonctions écologiques et économiques pertinentes. [2]</p>
<p style="text-align: justify;">La DREAL Pays de la Loire a estimé que l&#8217;installation d&#8217;éoliennes au sein de massifs boisés ou à proximité est à proscrire du fait des enjeux que ces massifs forestiers peuvent concentrer [3].</p>
<p style="text-align: justify;"><strong>Nous avons demandé à ce que les surfaces boisées supprimées soient replantées à proximité.</strong></p>
<hr />
<p style="text-align: justify;">[1] <a href="http://vps293559.ovh.net/wp-content/uploads/2016/06/2-Vues-Eoliennes-en-forêt.pdf" target="_blank" rel="noopener noreferrer">Vues d&#8217;éoliennes en forêt</a><br />
[2] <a href="http://vps293559.ovh.net/wp-content/uploads/2016/06/3-Forêt-biodiversité.png" target="_blank" rel="noopener noreferrer">Forêt et biodiversité</a><br />
[3] <a href="http://vps293559.ovh.net/wp-content/uploads/2016/06/1-DREAL_Eolien-en-forêt.pdf" target="_blank" rel="noopener noreferrer">DREAL &#8211; Éoliennes en forêt</a></p>

<p>Les arbres agissent comme un filtre pour l’eau prélevée en forêt qui n’a quasiment pas besoin d’être traitée, contrairement à l’eau qui est recueillie dans les rivières. Une partie de la forêt défrichée, des arbres coupés pour réaliser les tranchées et ceux qui tomberont par effet &#8220;domino&#8221; lorsque le vent…</p>
<p> <a class="continue-reading-link" href="http://neihb.fr/wordpress/le-dossier/la-nature/la-foret/"><span>Continue reading</span><i class="crycon-right-dir"></i></a> </p>
