{"id":136,"date":"2016-06-08T16:18:55","date_gmt":"2016-06-08T15:18:55","guid":{"rendered":"http:\/\/vps231942.ovh.net\/?page_id=136"},"modified":"2016-09-16T21:08:46","modified_gmt":"2016-09-16T20:08:46","slug":"les-animaux-delevage","status":"publish","type":"page","link":"http:\/\/neihb.fr\/wordpress\/le-dossier\/les-animaux\/les-animaux-delevage\/","title":{"rendered":"Haut Beaujolais, pays d&#8217;\u00e9levage"},"content":{"rendered":"<hr \/>\n<p><img decoding=\"async\" loading=\"lazy\" class=\"wp-image-1500  alignleft\" src=\"http:\/\/neihb.fr\/wp-content\/uploads\/2016\/06\/Elevage_r.jpg\" alt=\"elevage_r\" width=\"400\" height=\"232\" srcset=\"http:\/\/neihb.fr\/wp-content\/uploads\/2016\/06\/Elevage_r.jpg 448w, http:\/\/neihb.fr\/wp-content\/uploads\/2016\/06\/Elevage_r-300x174.jpg 300w, http:\/\/neihb.fr\/wp-content\/uploads\/2016\/06\/Elevage_r-250x145.jpg 250w, http:\/\/neihb.fr\/wp-content\/uploads\/2016\/06\/Elevage_r-150x87.jpg 150w\" sizes=\"(max-width: 400px) 100vw, 400px\" \/>En France, dans la Loire Atlantique, les donn\u00e9es d\u2019exploitation de deux \u00e9levages ont mis en \u00e9vidence de graves anomalies de lactation (augmentation des taux cellulaires, mammites r\u00e9cidivantes difficiles \u00e0 gu\u00e9rir, variation de la quantit\u00e9 de lait produite du simple au triple d\u2019un jour sur l\u2019autre, qualit\u00e9 du lait qui se d\u00e9grade, de grandes quantit\u00e9s doivent \u00eatre jet\u00e9es pour que la laiterie n\u2019exige pas l\u2019arr\u00eat de la collecte). Ces ph\u00e9nom\u00e8nes\u00a0sont assortis de troubles du comportement (les vaches refusent d\u2019avancer sur certaines portions de route, d\u2019aller spontan\u00e9ment \u00e0 la traite et sont agit\u00e9es pendant l\u2019op\u00e9ration). De plus, chez les jeunes animaux, on observe un retard de croissance ne pouvant \u00eatre expliqu\u00e9 par les causes habituelles (sous-alimentation, parasitisme). Dans les deux cas, la co\u00efncidence avec les travaux de construction puis de mise en service d\u2019un parc \u00e9olien \u00e0 proximit\u00e9 est plus que troublante,\u00a0[1] [2] [3] [4]<\/p>\n<p style=\"text-align: justify;\">Au Danemark, les visons d\u2019un \u00e9levage souffrent de graves malformations depuis la mise en service d\u2019un parc \u00e9olien voisin. Plus de deux mille petits sont mort-n\u00e9s,\u00a0[5]<\/p>\n<p style=\"text-align: justify;\">En Pologne, un lien a pu \u00eatre \u00e9tabli entre la qualit\u00e9 de la viande de plusieurs groupes de porcs et la distance (50, 500 et 1000m) qui les s\u00e9parait respectivement des \u00e9oliennes lors de leur engraissement,\u00a0[6]<\/p>\n<p style=\"text-align: justify;\"><strong>Il est choquant que l\u2019on s\u2019\u00e9meuve de l\u2019alt\u00e9ration de la qualit\u00e9 de la viande de porcs \u00e9lev\u00e9s \u00e0 des distances consid\u00e9r\u00e9es comme l\u00e9gales pour les \u00eatres humains\u2026<\/strong><\/p>\n<hr \/>\n<p style=\"text-align: justify;\">[1] <a href=\"http:\/\/vps293559.ovh.net\/wp-content\/uploads\/2016\/06\/1-C-Journel-Analyse-donn\u00e9es-BOUVET-Avril-2015.pdf\" target=\"_blank\">Analyse donn\u00e9es BOUVET &#8211; Avril 2015<\/a><br \/>\n[2] <a href=\"http:\/\/vps293559.ovh.net\/wp-content\/uploads\/2016\/06\/2-C-Journel-Analyse-donn\u00e9es-POTIRON-Mai-2015.pdf\" target=\"_blank\">Analyse donn\u00e9es POTIRON &#8211; Mai 2015<\/a><br \/>\n[3] <a href=\"http:\/\/vps293559.ovh.net\/wp-content\/uploads\/2016\/06\/3-Affaires-Potiron-et-Bouvet-distances-\u00e9oliennes.pdf\" target=\"_blank\">Affaires Potiron et Bouvet &#8211; Distances \u00e9oliennes<\/a><br \/>\n[4]\u00a0<a href=\"http:\/\/vps293559.ovh.net\/wp-content\/uploads\/2016\/06\/4-Lettre-envoi-du-docteur-Laval-26-mai-2015.pdf\" target=\"_blank\">Lettre envoi du docteur Laval &#8211; 26 mai 2015<\/a><br \/>\n[5]\u00a0<a href=\"http:\/\/www.youtube.com\/watch?v=_RI_LxnZYM0\" target=\"_blank\">Si cela peut arriver aux animaux&#8230;<\/a><br \/>\n[6]\u00a0<a href=\"http:\/\/vps293559.ovh.net\/wp-content\/uploads\/2016\/06\/6-Riverains-et-viande-de-boucherie.pdf\" target=\"_blank\">Riverains et viande de boucherie<\/a><\/p>\n","protected":false},"excerpt":{"rendered":"<p>En France, dans la Loire Atlantique, les donn\u00e9es d\u2019exploitation de deux \u00e9levages ont mis en \u00e9vidence de graves anomalies de lactation (augmentation des taux cellulaires, mammites r\u00e9cidivantes difficiles \u00e0 gu\u00e9rir, variation de la quantit\u00e9 de lait produite du simple au triple d\u2019un jour sur l\u2019autre, qualit\u00e9 du lait qui se\u2026<\/p>\n<p> <a class=\"continue-reading-link\" href=\"http:\/\/neihb.fr\/wordpress\/le-dossier\/les-animaux\/les-animaux-delevage\/\"><span>Continue reading<\/span><i class=\"crycon-right-dir\"><\/i><\/a> <\/p>\n","protected":false},"author":1,"featured_media":0,"parent":463,"menu_order":2,"comment_status":"closed","ping_status":"closed","template":"","meta":[],"_links":{"self":[{"href":"http:\/\/neihb.fr\/wordpress\/wp-json\/wp\/v2\/pages\/136"}],"collection":[{"href":"http:\/\/neihb.fr\/wordpress\/wp-json\/wp\/v2\/pages"}],"about":[{"href":"http:\/\/neihb.fr\/wordpress\/wp-json\/wp\/v2\/types\/page"}],"author":[{"embeddable":true,"href":"http:\/\/neihb.fr\/wordpress\/wp-json\/wp\/v2\/users\/1"}],"replies":[{"embeddable":true,"href":"http:\/\/neihb.fr\/wordpress\/wp-json\/wp\/v2\/comments?post=136"}],"version-history":[{"count":12,"href":"http:\/\/neihb.fr\/wordpress\/wp-json\/wp\/v2\/pages\/136\/revisions"}],"predecessor-version":[{"id":1501,"href":"http:\/\/neihb.fr\/wordpress\/wp-json\/wp\/v2\/pages\/136\/revisions\/1501"}],"up":[{"embeddable":true,"href":"http:\/\/neihb.fr\/wordpress\/wp-json\/wp\/v2\/pages\/463"}],"wp:attachment":[{"href":"http:\/\/neihb.fr\/wordpress\/wp-json\/wp\/v2\/media?parent=136"}],"curies":[{"name":"wp","href":"https:\/\/api.w.org\/{rel}","templated":true}]}}