{"id":157,"date":"2016-06-08T16:45:31","date_gmt":"2016-06-08T15:45:31","guid":{"rendered":"http:\/\/vps231942.ovh.net\/?page_id=157"},"modified":"2021-05-31T20:20:22","modified_gmt":"2021-05-31T19:20:22","slug":"le-climat-dans-les-villages","status":"publish","type":"page","link":"http:\/\/neihb.fr\/wordpress\/le-dossier\/le-climat-dans-les-villages\/","title":{"rendered":"La fracture"},"content":{"rendered":"<hr \/>\n<p><img decoding=\"async\" loading=\"lazy\" class=\"wp-image-1480 alignleft\" src=\"http:\/\/neihb.fr\/wp-content\/uploads\/2016\/06\/Village_r.jpg\" alt=\"village_r\" width=\"400\" height=\"266\" srcset=\"http:\/\/neihb.fr\/wp-content\/uploads\/2016\/06\/Village_r.jpg 448w, http:\/\/neihb.fr\/wp-content\/uploads\/2016\/06\/Village_r-300x200.jpg 300w, http:\/\/neihb.fr\/wp-content\/uploads\/2016\/06\/Village_r-226x150.jpg 226w, http:\/\/neihb.fr\/wp-content\/uploads\/2016\/06\/Village_r-150x100.jpg 150w\" sizes=\"(max-width: 400px) 100vw, 400px\" \/>L&#8217;impact des \u00e9oliennes sur le tissu social est catastrophique.<\/p>\n<p style=\"text-align: justify;\">D\u00e8s que l&#8217;on introduit le mot \u00ab\u00a0\u00e9olienne\u00a0\u00bb au sein d&#8217;une population, on introduit partout la division : chez les \u00e9lus, dans les familles, parmi\u00a0les enfants \u00e0 l&#8217;\u00e9cole, dans les associations, chez les professionnels du commerce, du tourisme, de l&#8217;artisanat, dans les \u00e9quipes d\u2019entraide entre agriculteurs. [1]<\/p>\n<p style=\"text-align: justify;\">Des amis d&#8217;enfance sont f\u00e2ch\u00e9s \u00e0 mort \u00e0 cause des \u00e9oliennes\u2026<\/p>\n<p>Peu importe, cela n&#8217;entre pas en ligne de compte.<\/p>\n<p>Cette fracture est la cons\u00e9quence des m\u00e9thodes employ\u00e9es par les promoteurs qui sous-\u00e9valuent et cachent volontairement les nuisances quand ils pr\u00e9sentent leurs projets aux \u00e9lus, \u00e0 la population, aux signataires.<\/p>\n<p>Elle est aussi le r\u00e9sultat de la d\u00e9sinformation \u00e0 laquelle de nombreux m\u00e9dias se sont abonn\u00e9s tant ils sont d\u00e9pendants du pouvoir de l&#8217;argent et s&#8217;adressent \u00e0 une cat\u00e9gorie d&#8217;auditeurs qui se contentent de pr\u00eat-\u00e0-penser. Il n&#8217;y a pas pire sot que celui qui ne veut pas savoir\u2026<\/p>\n<p><strong>Il y a encore une dizaine d\u2019ann\u00e9es, les gens venaient s\u2019installer \u00e0 la campagne. Aujourd\u2019hui, des gens s\u2019en vont !<\/strong><\/p>\n<hr \/>\n<p>[1]\u00a0<a href=\"https:\/\/www.youtube.com\/watch?v=2wVFZW8sZz8\" target=\"_blank\" rel=\"noopener noreferrer\">La bataille des villages<\/a><\/p>\n","protected":false},"excerpt":{"rendered":"<p>L&#8217;impact des \u00e9oliennes sur le tissu social est catastrophique. D\u00e8s que l&#8217;on introduit le mot \u00ab\u00a0\u00e9olienne\u00a0\u00bb au sein d&#8217;une population, on introduit partout la division : chez les \u00e9lus, dans les familles, parmi\u00a0les enfants \u00e0 l&#8217;\u00e9cole, dans les associations, chez les professionnels du commerce, du tourisme, de l&#8217;artisanat, dans les\u2026<\/p>\n<p> <a class=\"continue-reading-link\" href=\"http:\/\/neihb.fr\/wordpress\/le-dossier\/le-climat-dans-les-villages\/\"><span>Continue reading<\/span><i class=\"crycon-right-dir\"><\/i><\/a> <\/p>\n","protected":false},"author":1,"featured_media":0,"parent":24,"menu_order":11,"comment_status":"closed","ping_status":"closed","template":"","meta":[],"_links":{"self":[{"href":"http:\/\/neihb.fr\/wordpress\/wp-json\/wp\/v2\/pages\/157"}],"collection":[{"href":"http:\/\/neihb.fr\/wordpress\/wp-json\/wp\/v2\/pages"}],"about":[{"href":"http:\/\/neihb.fr\/wordpress\/wp-json\/wp\/v2\/types\/page"}],"author":[{"embeddable":true,"href":"http:\/\/neihb.fr\/wordpress\/wp-json\/wp\/v2\/users\/1"}],"replies":[{"embeddable":true,"href":"http:\/\/neihb.fr\/wordpress\/wp-json\/wp\/v2\/comments?post=157"}],"version-history":[{"count":10,"href":"http:\/\/neihb.fr\/wordpress\/wp-json\/wp\/v2\/pages\/157\/revisions"}],"predecessor-version":[{"id":2066,"href":"http:\/\/neihb.fr\/wordpress\/wp-json\/wp\/v2\/pages\/157\/revisions\/2066"}],"up":[{"embeddable":true,"href":"http:\/\/neihb.fr\/wordpress\/wp-json\/wp\/v2\/pages\/24"}],"wp:attachment":[{"href":"http:\/\/neihb.fr\/wordpress\/wp-json\/wp\/v2\/media?parent=157"}],"curies":[{"name":"wp","href":"https:\/\/api.w.org\/{rel}","templated":true}]}}