{"id":90,"date":"2016-06-08T12:49:29","date_gmt":"2016-06-08T11:49:29","guid":{"rendered":"http:\/\/vps231942.ovh.net\/?page_id=90"},"modified":"2021-04-12T21:10:21","modified_gmt":"2021-04-12T20:10:21","slug":"informations-sur-le-bruit","status":"publish","type":"page","link":"http:\/\/neihb.fr\/wordpress\/le-dossier\/la-sante\/informations-sur-le-bruit\/","title":{"rendered":"Un bruit de machine \u00e0 laver"},"content":{"rendered":"<hr \/>\n<p style=\"text-align: justify;\">Les distances aux habitations sont scandaleusement faibles sur ce projet (<strong>570m<\/strong> de part et d&#8217;autre de la cr\u00eate) alors que, dans les autres pays, la distance de s\u00e9curit\u00e9 entre \u00e9oliennes et habitations est plut\u00f4t de <strong>1500m<\/strong>, voire davantage ! [1]<\/p>\n<p style=\"text-align: justify;\"><img decoding=\"async\" loading=\"lazy\" class=\"aligncenter wp-image-1495 \" src=\"http:\/\/neihb.fr\/wp-content\/uploads\/2016\/06\/Bruit1_r.png\" alt=\"bruit1_r\" width=\"500\" height=\"348\" srcset=\"http:\/\/neihb.fr\/wp-content\/uploads\/2016\/06\/Bruit1_r.png 448w, http:\/\/neihb.fr\/wp-content\/uploads\/2016\/06\/Bruit1_r-300x209.png 300w, http:\/\/neihb.fr\/wp-content\/uploads\/2016\/06\/Bruit1_r-215x150.png 215w, http:\/\/neihb.fr\/wp-content\/uploads\/2016\/06\/Bruit1_r-150x104.png 150w\" sizes=\"(max-width: 500px) 100vw, 500px\" \/><\/p>\n<p style=\"text-align: justify;\">En Pologne et en Allemagne (pays de provenance des machines), et plus pr\u00e9cis\u00e9ment en Bavi\u00e8re, elle est de <strong>10 fois<\/strong> la hauteur totale des \u00e9oliennes.<\/p>\n<p style=\"text-align: justify;\"><strong>La population fran\u00e7aise serait-elle plus robuste aux perturbations que les populations allemande ou polonaise ?<\/strong><\/p>\n<p style=\"text-align: justify;\">L&#8217;\u00e9olienne ENERCON E101 de 3 MW, objet de l&#8217;autorisation unique de 2017, n&#8217;est pas particuli\u00e8rement silencieuse : d&#8217;apr\u00e8s le graphique fourni par le constructeur, la composition des niveaux de bruit des 3 \u00e9oliennes donnera une valeur sup\u00e9rieure \u00e0 42 dB(A) pour Saint Bonnet et 43,5 dB(A) pour Saint Igny alors que le seuil r\u00e9glementaire est de 35 dB \u00e0 500m.<\/p>\n<p style=\"text-align: justify;\"><img decoding=\"async\" loading=\"lazy\" class=\"aligncenter wp-image-1496 \" src=\"http:\/\/neihb.fr\/wp-content\/uploads\/2016\/06\/Bruit2_r.png\" alt=\"bruit2_r\" width=\"500\" height=\"366\" srcset=\"http:\/\/neihb.fr\/wp-content\/uploads\/2016\/06\/Bruit2_r.png 448w, http:\/\/neihb.fr\/wp-content\/uploads\/2016\/06\/Bruit2_r-300x220.png 300w, http:\/\/neihb.fr\/wp-content\/uploads\/2016\/06\/Bruit2_r-205x150.png 205w, http:\/\/neihb.fr\/wp-content\/uploads\/2016\/06\/Bruit2_r-150x110.png 150w\" sizes=\"(max-width: 500px) 100vw, 500px\" \/><\/p>\n<p>&nbsp;<\/p>\n<p>D&#8217;autres \u00e9olioennes,\u00a0objets de l&#8217;arr\u00eat\u00e9 modificatif de 2019, dot\u00e9es de pales de 58,5m promettent de d\u00e9passer le niveau de 35 dB avec des \u00e9mergences de 11,5 dB par rapport au bruit ambiant <u>de nuit<\/u> aux Hayes, soit une <strong>multiplication par 4 <\/strong>de ce bruit.<\/p>\n<p>Ces niveaux de bruit, qui correspondent \u00e0 celui d\u2019un lave-linge fonctionnant dans la pi\u00e8ce, excluent un fonctionnement \u00e0 pleine puissance. L&#8217;exploitant devra donc les brider la plupart du temps, ce qui ne va pas am\u00e9liorer la rentabilit\u00e9 du site mais le fera-t-il ?<\/p>\n<hr \/>\n<p style=\"text-align: justify;\">[1]\u00a0<a href=\"http:\/\/vps293559.ovh.net\/wp-content\/uploads\/2016\/06\/1-Sant\u00e9-humaine.pdf\" target=\"_blank\" rel=\"noopener noreferrer\">\u00c9oliennes et sant\u00e9 humaine<\/a><\/p>\n","protected":false},"excerpt":{"rendered":"<p>Les distances aux habitations sont scandaleusement faibles sur ce projet (570m de part et d&#8217;autre de la cr\u00eate) alors que, dans les autres pays, la distance de s\u00e9curit\u00e9 entre \u00e9oliennes et habitations est plut\u00f4t de 1500m, voire davantage ! [1] En Pologne et en Allemagne (pays de provenance des machines),\u2026<\/p>\n<p> <a class=\"continue-reading-link\" href=\"http:\/\/neihb.fr\/wordpress\/le-dossier\/la-sante\/informations-sur-le-bruit\/\"><span>Continue reading<\/span><i class=\"crycon-right-dir\"><\/i><\/a> <\/p>\n","protected":false},"author":1,"featured_media":0,"parent":465,"menu_order":1,"comment_status":"closed","ping_status":"closed","template":"","meta":[],"_links":{"self":[{"href":"http:\/\/neihb.fr\/wordpress\/wp-json\/wp\/v2\/pages\/90"}],"collection":[{"href":"http:\/\/neihb.fr\/wordpress\/wp-json\/wp\/v2\/pages"}],"about":[{"href":"http:\/\/neihb.fr\/wordpress\/wp-json\/wp\/v2\/types\/page"}],"author":[{"embeddable":true,"href":"http:\/\/neihb.fr\/wordpress\/wp-json\/wp\/v2\/users\/1"}],"replies":[{"embeddable":true,"href":"http:\/\/neihb.fr\/wordpress\/wp-json\/wp\/v2\/comments?post=90"}],"version-history":[{"count":11,"href":"http:\/\/neihb.fr\/wordpress\/wp-json\/wp\/v2\/pages\/90\/revisions"}],"predecessor-version":[{"id":2015,"href":"http:\/\/neihb.fr\/wordpress\/wp-json\/wp\/v2\/pages\/90\/revisions\/2015"}],"up":[{"embeddable":true,"href":"http:\/\/neihb.fr\/wordpress\/wp-json\/wp\/v2\/pages\/465"}],"wp:attachment":[{"href":"http:\/\/neihb.fr\/wordpress\/wp-json\/wp\/v2\/media?parent=90"}],"curies":[{"name":"wp","href":"https:\/\/api.w.org\/{rel}","templated":true}]}}