{"id":98,"date":"2016-06-08T14:34:17","date_gmt":"2016-06-08T13:34:17","guid":{"rendered":"http:\/\/vps231942.ovh.net\/?page_id=98"},"modified":"2021-07-02T11:40:15","modified_gmt":"2021-07-02T10:40:15","slug":"liens","status":"publish","type":"page","link":"http:\/\/neihb.fr\/wordpress\/photos-videos\/liens\/","title":{"rendered":"Des vid\u00e9os \u00e0 voir"},"content":{"rendered":"<hr \/>\n<p>Voici quelques liens vers des vid\u00e9os contenant notamment des t\u00e9moignages de riverains de parc \u00e9olien :<\/p>\n<ul>\n<li><a href=\"https:\/\/www.youtube.com\/watch?v=2wVFZW8sZz8\" target=\"_blank\" rel=\"noopener noreferrer\">La bataille des villages &#8211; 6&#8217;27&#8221;<\/a><\/li>\n<li><a href=\"https:\/\/www.youtube.com\/watch?v=Sa3dRnWBRps\" target=\"_blank\" rel=\"noopener noreferrer\">H\u00e9lices au pays des merveilles \u2013 21&#8217;37&#8221;<\/a>\u00a0**<\/li>\n<li><a href=\"https:\/\/www.youtube.com\/watch?v=4LPhF1-oMro\" target=\"_blank\" rel=\"noopener noreferrer\">Vents forts sur le L\u00e9v\u00e9zou \u2013 25&#8217;30&#8221;<\/a><\/li>\n<li><a href=\"https:\/\/www.youtube.com\/watch?v=SorawBqqAG8\" target=\"_blank\" rel=\"noopener noreferrer\">Lanceur d&#8217;alerte sur l&#8217;\u00e9olien \u2013 12&#8217;08&#8221;<\/a>\u00a0pour<\/li>\n<li><a href=\"https:\/\/www.youtube.com\/watch?v=_RI_LxnZYM0\" target=\"_blank\" rel=\"noopener noreferrer\">Si cela peut arriver aux animaux\u2026 \u2013 11&#8217;25&#8221;<\/a><\/li>\n<li><a href=\"https:\/\/www.youtube.com\/watch?v=lY66uBWEsgY\" target=\"_blank\" rel=\"noopener noreferrer\">Incendie \u00e9olienne en Pologne \u2013 0&#8217;26&#8221;<\/a><\/li>\n<li><a href=\"https:\/\/www.youtube.com\/watch?v=VZQJHu2N17E\" target=\"_blank\" rel=\"noopener noreferrer\">Pi\u00e8ces \u00e0 conviction \u2013 1h09&#8217;23&#8221;<\/a><\/li>\n<li><a href=\"https:\/\/www.youtube.com\/watch?v=n4pxTLjxof4&amp;ebc\" target=\"_blank\" rel=\"noopener noreferrer\">Le scandale des \u00e9oliennes \u2013 14&#8217;33&#8221;<\/a><\/li>\n<\/ul>\n<p>Des vid\u00e9os pour mieux comprendre l&#8217;\u00e9olien et les \u00e9nergies renouvelables :<\/p>\n<ul>\n<li><a href=\"https:\/\/youtu.be\/q3QHOp9BpLo\" target=\"_blank\" rel=\"noopener noreferrer\">Le paradoxe de l&#8217;\u00e9nergie \u00e9olienne &#8211; 4&#8217;33&#8221;<\/a><\/li>\n<li><a href=\"https:\/\/youtu.be\/Hr9VlAM71O0\" target=\"_blank\" rel=\"noopener noreferrer\">L&#8217;impact des EnR &#8211; Audition Assembl\u00e9e Nationale &#8211; 1h40&#8217;12&#8221;<\/a><\/li>\n<li><a href=\"https:\/\/www.youtube.com\/watch?v=Vf9EbpzDvoY\">\u00c9oliennes : du r\u00eave aux r\u00e9alit\u00e9s &#8211; Documentaire &#8211; 1h58&#8217;40&#8221;<\/a><\/li>\n<\/ul>\n<p>Des vid\u00e9os sur l&#8217;association :<\/p>\n<ul>\n<li><a href=\"http:\/\/brionnais.tv\/index.php\/video\/420\/mag-8-decembre-2020-marc-huquet-non-%C3%A0-l-eolien-industriel-en-haut-beaujolais\/\" target=\"_blank\" rel=\"noopener noreferrer\">Reportage et interview par Brionnais TV &#8211; 8\/12\/2020 &#8211; 21&#8217;04&#8221;<\/a><\/li>\n<li><a href=\"http:\/\/brionnais.tv\/index.php\/video\/429\/17-decembre-2020-conseil-municipal-chauffailles\/\" target=\"_blank\" rel=\"noopener noreferrer\">Conseil municipal Chauffailles &#8211; 17\/12\/2020 &#8211; 1h30&#8242;<\/a><\/li>\n<\/ul>\n<p>** Nota : c&#8217;est le site qu&#8217;ont\u00a0visit\u00e9 les propri\u00e9taires de parcelles o\u00f9 doivent \u00eatre implant\u00e9es les \u00e9oliennes\u00a0de Champ Bayon. Ce site affiche aujourd&#8217;hui un rendement de 12 \u00e0 14%, soit la moiti\u00e9 de ce qui lui faudrait pour \u00eatre rentable.<\/p>\n","protected":false},"excerpt":{"rendered":"<p>Voici quelques liens vers des vid\u00e9os contenant notamment des t\u00e9moignages de riverains de parc \u00e9olien : La bataille des villages &#8211; 6&#8217;27&#8221; H\u00e9lices au pays des merveilles \u2013 21&#8217;37&#8221;\u00a0** Vents forts sur le L\u00e9v\u00e9zou \u2013 25&#8217;30&#8221; Lanceur d&#8217;alerte sur l&#8217;\u00e9olien \u2013 12&#8217;08&#8221;\u00a0pour Si cela peut arriver aux animaux\u2026 \u2013 11&#8217;25&#8221;\u2026<\/p>\n<p> <a class=\"continue-reading-link\" href=\"http:\/\/neihb.fr\/wordpress\/photos-videos\/liens\/\"><span>Continue reading<\/span><i class=\"crycon-right-dir\"><\/i><\/a> <\/p>\n","protected":false},"author":1,"featured_media":0,"parent":49,"menu_order":4,"comment_status":"closed","ping_status":"closed","template":"","meta":[],"_links":{"self":[{"href":"http:\/\/neihb.fr\/wordpress\/wp-json\/wp\/v2\/pages\/98"}],"collection":[{"href":"http:\/\/neihb.fr\/wordpress\/wp-json\/wp\/v2\/pages"}],"about":[{"href":"http:\/\/neihb.fr\/wordpress\/wp-json\/wp\/v2\/types\/page"}],"author":[{"embeddable":true,"href":"http:\/\/neihb.fr\/wordpress\/wp-json\/wp\/v2\/users\/1"}],"replies":[{"embeddable":true,"href":"http:\/\/neihb.fr\/wordpress\/wp-json\/wp\/v2\/comments?post=98"}],"version-history":[{"count":6,"href":"http:\/\/neihb.fr\/wordpress\/wp-json\/wp\/v2\/pages\/98\/revisions"}],"predecessor-version":[{"id":2110,"href":"http:\/\/neihb.fr\/wordpress\/wp-json\/wp\/v2\/pages\/98\/revisions\/2110"}],"up":[{"embeddable":true,"href":"http:\/\/neihb.fr\/wordpress\/wp-json\/wp\/v2\/pages\/49"}],"wp:attachment":[{"href":"http:\/\/neihb.fr\/wordpress\/wp-json\/wp\/v2\/media?parent=98"}],"curies":[{"name":"wp","href":"https:\/\/api.w.org\/{rel}","templated":true}]}}

Des vidéos à voir

<hr />
<p>Voici quelques liens vers des vidéos contenant notamment des témoignages de riverains de parc éolien :</p>
<ul>
<li><a href="https://www.youtube.com/watch?v=2wVFZW8sZz8" target="_blank" rel="noopener noreferrer">La bataille des villages &#8211; 6&#8217;27&#8221;</a></li>
<li><a href="https://www.youtube.com/watch?v=Sa3dRnWBRps" target="_blank" rel="noopener noreferrer">Hélices au pays des merveilles – 21&#8217;37&#8221;</a> **</li>
<li><a href="https://www.youtube.com/watch?v=4LPhF1-oMro" target="_blank" rel="noopener noreferrer">Vents forts sur le Lévézou – 25&#8217;30&#8221;</a></li>
<li><a href="https://www.youtube.com/watch?v=SorawBqqAG8" target="_blank" rel="noopener noreferrer">Lanceur d&#8217;alerte sur l&#8217;éolien – 12&#8217;08&#8221;</a> pour</li>
<li><a href="https://www.youtube.com/watch?v=_RI_LxnZYM0" target="_blank" rel="noopener noreferrer">Si cela peut arriver aux animaux… – 11&#8217;25&#8221;</a></li>
<li><a href="https://www.youtube.com/watch?v=lY66uBWEsgY" target="_blank" rel="noopener noreferrer">Incendie éolienne en Pologne – 0&#8217;26&#8221;</a></li>
<li><a href="https://www.youtube.com/watch?v=VZQJHu2N17E" target="_blank" rel="noopener noreferrer">Pièces à conviction – 1h09&#8217;23&#8221;</a></li>
<li><a href="https://www.youtube.com/watch?v=n4pxTLjxof4&amp;ebc" target="_blank" rel="noopener noreferrer">Le scandale des éoliennes – 14&#8217;33&#8221;</a></li>
</ul>
<p>Des vidéos pour mieux comprendre l&#8217;éolien et les énergies renouvelables :</p>
<ul>
<li><a href="https://youtu.be/q3QHOp9BpLo" target="_blank" rel="noopener noreferrer">Le paradoxe de l&#8217;énergie éolienne &#8211; 4&#8217;33&#8221;</a></li>
<li><a href="https://youtu.be/Hr9VlAM71O0" target="_blank" rel="noopener noreferrer">L&#8217;impact des EnR &#8211; Audition Assemblée Nationale &#8211; 1h40&#8217;12&#8221;</a></li>
<li><a href="https://www.youtube.com/watch?v=Vf9EbpzDvoY">Éoliennes : du rêve aux réalités &#8211; Documentaire &#8211; 1h58&#8217;40&#8221;</a></li>
</ul>
<p>Des vidéos sur l&#8217;association :</p>
<ul>
<li><a href="http://brionnais.tv/index.php/video/420/mag-8-decembre-2020-marc-huquet-non-%C3%A0-l-eolien-industriel-en-haut-beaujolais/" target="_blank" rel="noopener noreferrer">Reportage et interview par Brionnais TV &#8211; 8/12/2020 &#8211; 21&#8217;04&#8221;</a></li>
<li><a href="http://brionnais.tv/index.php/video/429/17-decembre-2020-conseil-municipal-chauffailles/" target="_blank" rel="noopener noreferrer">Conseil municipal Chauffailles &#8211; 17/12/2020 &#8211; 1h30&#8242;</a></li>
</ul>
<p>** Nota : c&#8217;est le site qu&#8217;ont visité les propriétaires de parcelles où doivent être implantées les éoliennes de Champ Bayon. Ce site affiche aujourd&#8217;hui un rendement de 12 à 14%, soit la moitié de ce qui lui faudrait pour être rentable.</p>

<p>Voici quelques liens vers des vidéos contenant notamment des témoignages de riverains de parc éolien : La bataille des villages &#8211; 6&#8217;27&#8221; Hélices au pays des merveilles – 21&#8217;37&#8221; ** Vents forts sur le Lévézou – 25&#8217;30&#8221; Lanceur d&#8217;alerte sur l&#8217;éolien – 12&#8217;08&#8221; pour Si cela peut arriver aux animaux… – 11&#8217;25&#8221;…</p>
<p> <a class="continue-reading-link" href="http://neihb.fr/wordpress/photos-videos/liens/"><span>Continue reading</span><i class="crycon-right-dir"></i></a> </p>
